er?
False
Let x be ((-5)/(-2)*2)/1. Suppose x*u = -0*u - 3*i + 52, -i = -3*u + 34. Is u a composite number?
False
Let p be 18 + (1/(-1) - -4). Suppose p = -3*t + 2*h + 1, 0 = 2*t - 4*h + 16. Let r(a) = 7*a**2 + 8*a - 1. Is r(t) prime?
False
Suppose -11*n + 49870 = -n. Is n prime?
True
Let j(u) = u**2 + 5*u - 4. Suppose 2*s + 6 = -4. Let w be j(s). Is -2 + w/(8/(-18)) a prime number?
True
Is 3/2 + 2124/8 a composite number?
True
Let t be (-1)/2*1*-212. Suppose -t + 315 = a. Let f = a + -114. Is f a composite number?
True
Suppose 99 = 3*q - 0*q. Is q a prime number?
False
Suppose 2*h - 10 = 7*h. Let i(y) = y**3 + y**2 - y + 1. Let q be i(h). Is 2*46*q/(-2) a prime number?
False
Suppose 4*t - 355 = -3*u, -t = -3 + 5. Is u prime?
False
Suppose 3*f = -0*f - r + 984, -12 = 4*r. Is f composite?
True
Suppose 0 = -v - 2*v + 234. Let a be -8*1*(-5)/10. Suppose -a*c + c = 3*x - v, 0 = -3*x + 3*c + 48. Is x a composite number?
True
Suppose 3*t = 4*p + 12, t - 4*p = 5*t - 16. Is (t/3)/((-6)/(-99)) composite?
True
Suppose n - 2*t = 8, 4*n - t + 4*t = -1. Is (-3)/n*(-70)/15 prime?
True
Suppose -110 = 3*h - 491. Is h a composite number?
False
Suppose -2*t - 14 = -4*t. Let o(a) = t*a - 2 + 10*a + 0. Is o(3) prime?
False
Let n(h) = -55*h - 2. Is n(-3) a composite number?
False
Let x(p) = -p. Let s(r) = r**2 - 7*r - 3. Let u be s(7). Let k be x(u). Suppose 0 = 3*a + 2*h + k*h - 344, -454 = -4*a - 2*h. Is a a prime number?
True
Let q(r) = -r**3 + 4*r**2 - 2*r - 3. Let p be (-12)/(-10)*(-15)/(-6). Let j be q(p). Suppose j*y = y - 25. Is y prime?
False
Suppose -o = 3*o - 24. Let h = 20 + -18. Suppose -o*q = -h*q - 316. Is q a prime number?
True
Let r(n) = -n**2 + 4*n - 2*n + 0 + 7*n - 8. Suppose 2*l + 0 = 12. Is r(l) a prime number?
False
Let n(z) = z + 1. Let a(m) = -m**2 - 5*m - 3. Let t(p) = -a(p) - 6*n(p). Let o be t(0). Is -2*o/(-12)*-178 a composite number?
False
Suppose 2*n - 7*n = 0. Suppose 3*q + 3*t + 3 = 0, 5*t + n*t + 5 = -2*q. Suppose -z - 3*z + 316 = q. Is z a prime number?
True
Suppose -q = 5*o - 45, 0*q = -3*q + 4*o + 97. Let f = q + 2. Is f a prime number?
True
Let a(l) = 2*l**2 + 10*l - 10. Let p be a(-8). Is 12/8*p/3 prime?
True
Let l(k) be the first derivative of 3 - 5/3*k**3 + 3/4*k**4 + 1/2*k**2 + 3*k. Is l(4) a prime number?
False
Suppose 3*k + k - 4 = 0. Let g be (5 - 1) + -1 + k. Is ((-1)/(-2))/(g/744) a prime number?
False
Suppose 0*l = l - 3. Let m be 4 - (-2 - -3) - 7. Let a = l - m. Is a a composite number?
False
Is (1688/12)/((-6)/(-27)) a composite number?
True
Let h(m) = -m**3 - 4*m**2 + 3*m - 1. Let c be h(-5). Let p(r) = 2*r**3 - 11*r**2 + 4*r + 8. Let j be p(c). Suppose -4*b + 225 = -j. Is b prime?
False
Suppose -2*k = -k - 519. Let t = -296 + k. Is t a composite number?
False
Let p = -7 - -7. Suppose 2*s - 3*h - 664 = p, 3*s - 1027 + 16 = -3*h. Is s a prime number?
False
Let t be ((-15 - -3)/(-4))/1. Suppose 196 = r + t*r. Is r a composite number?
True
Let v be 152/(-26) - (-10)/(-65). Let x = 10 + v. Suppose 4*d + 17 = -3, -x*h = d - 1167. Is h composite?
False
Let f(o) = o - 8. Let k be f(8). Suppose 0 = -s - 4*y - 0*y + 8, k = 2*s - 3*y - 5. Suppose 2*v - s*v = -182. Is v a prime number?
False
Suppose j + 7 = 170. Is j composite?
False
Is 3 - (4 + -1358) - 2*-2 a composite number?
False
Suppose 0 = -4*g - 0 - 8. Let y(m) = -8*m - 3. Is y(g) prime?
True
Suppose 0 = k - 6*k + 40. Let j be k/((-1)/(13/(-2))). Suppose j = v + v. Is v composite?
True
Let c = -3 - -18. Suppose m - 2 = -j - 8, 3*m - c = 0. Is (j - -4)*(-6)/7 a prime number?
False
Suppose -7*w + 3946 = -5*w - 4*j, 4*w = 2*j + 7892. Is w a composite number?
False
Let n(p) = 490*p + 1. Is n(1) a prime number?
True
Suppose 0 = -5*u - 1006 + 9111. Is u composite?
False
Let h = 2082 + -1295. Is h a composite number?
False
Suppose 3*r + 9 = 3*d, -r = -4*d - 11 - 1. Let g = 12 + r. Suppose 0 = -5*o + 5*k + 75, g*o + 0*k - 80 = -k. Is o prime?
True
Suppose 0 = 3*s - 8*s + 1090. Let i = s + -121. Is i prime?
True
Is 9/11 - 1 - 70239/(-143) a prime number?
True
Let i(m) = m**3 + 3*m + 0*m**2 + 5*m**2 - 4*m + 1. Let n be i(-4). Suppose 2*l - n = -l. Is l prime?
True
Let d = -2426 + 3465. Is d prime?
True
Suppose 3*v - 21 = 3*y + 2*y, v + 10 = -4*y. Let i = v + -2. Suppose -5*n + 107 - 12 = i. Is n composite?
False
Let r(o) = 19*o - 6. Is r(11) a composite number?
True
Suppose 0 = -4*v + 77 - 241. Let f = 76 + v. Is f a composite number?
True
Suppose 0 = -3*q + 2*x + 2509, 2*q - 1493 = 3*x + 183. Is q a composite number?
True
Suppose 0 = -3*c + 403 + 266. Is c composite?
False
Let m(y) = y**3 + 19*y**2 + 9*y + 29. Is m(-18) composite?
False
Let b be -5 + (-2)/3*-3. Let d be (b/2)/((-5)/10). Is (-86)/(-6) - 1/d prime?
False
Is -4*(3 - (-9)/(-2)) a prime number?
False
Let v(w) = -3*w - 10. Let d = 12 - 19. Is v(d) composite?
False
Let n = -221 + 310. Is n a prime number?
True
Let c = -4 - -335. Is c composite?
False
Let g(x) = 4*x**3 + 3*x - 3. Let p(a) = -2*a**2 + 4 + a**2 + a - 2. Let z be p(0). Is g(z) a composite number?
True
Let b(i) be the third derivative of i**5/60 + i**4/24 + i**3/2 - 8*i**2. Let y be (10/8)/(1/(-4)). Is b(y) prime?
True
Suppose -a = 2*a - 3. Let d = 14 + -15. Is d - 2 - (-11 + a) a composite number?
False
Let z(d) = -d**2 - 12*d - 10. Let k = -9 - -1. Let s be z(k). Is (-5)/((-5)/s) + -1 a prime number?
False
Suppose 0 = -2*k - 2*n + 6, -3*k + 7*k - 5*n = -15. Let a = k - -15. Is a prime?
False
Let b be (10/(-15))/(2/(-15)). Suppose -b*d - 4 = u, 3*u - 4*d - 26 = -0*u. Is u a prime number?
False
Let c = 301 - 464. Let f = c - -252. Is f prime?
True
Let o = -11564 - -16881. Is o a prime number?
False
Suppose 3*l - 2*i = -2, -4 = 4*l - 7*i + 4*i. Suppose 0 = -3*n + l*n + 31. Is n a prime number?
True
Let j(a) = -48*a**3 + a**2 + a. Let m be j(-1). Suppose -2*p - 4*c - 4 = -0, 5*c + 7 = -2*p. Suppose -p*i + m = -36. Is i composite?
True
Suppose 4*h + 2*n - 2 + 0 = 0, h = -5*n - 13. Suppose -h*v - 2*v + 212 = 0. Is v composite?
False
Let i(c) = c**2 - 14*c + 6. Let d = -5 + 20. Is i(d) a prime number?
False
Let b = -556 + 895. Is b prime?
False
Suppose 0 = 5*y - 2*d - 122, -y - y + 4*d + 36 = 0. Is y a prime number?
False
Let z = 78 - 16. Is z a composite number?
True
Let a = 20 - 16. Suppose -5*b = a*f - 1686, 2*b = f - 3*f + 842. Is f a prime number?
True
Is (5 - (-44)/(-8))*(-1262 - 0) a composite number?
False
Let u = -183 - -256. Suppose -10*l = -7*l. Suppose 4*o + i = 149, l = -2*o - 2*i + 3*i + u. Is o a prime number?
True
Suppose h + 4*u + 490 = 6*h, h = 2*u + 92. Let r = -117 - -70. Let z = h + r. Is z prime?
False
Let k(h) = 2*h + 1. Let u be k(1). Suppose -892 = -5*j + 4*o + 37, 558 = 3*j - u*o. Is j a composite number?
True
Let f(l) = 9*l**2 + 8*l + 9. Let b be f(-7). Let t = -54 + -225. Let p = t + b. Is p prime?
False
Let c(v) = -3*v**3 - 11*v**2 - 10*v + 3. Let p(a) = 2*a**3 + 10*a**2 + 9*a - 3. Let k(s) = 3*c(s) + 4*p(s). Is k(6) prime?
False
Suppose -5*r = -5 - 5. Suppose 5*u = 5*l - 55, -4*l - r*u + 46 = -5*u. Is l composite?
False
Suppose -587 = -3*s - 2*m, 3*s + 0*m = m + 602. Is s a composite number?
False
Let y = -455 + 1036. Is y composite?
True
Let k = 1 - 5. Let s = k + 30. Is s a composite number?
True
Suppose 4*z + 0*r = 5*r + 631, z - 163 = -4*r. Suppose 5*u - z = 176. Is u prime?
True
Let i be (56/12)/((-3)/(-27)). Suppose -4*u + 78 = 2*y, -4*u + 6*u - i = -4*y. Is u a composite number?
False
Let d be (-19 + -5)*(-6)/8. Suppose i = -2*i - d. Is i/(-2) + 77 + 7 composite?
True
Is ((-21)/9 - -2)/((-1)/1389) a prime number?
True
Let n(x) = x - 1. Let t(u) = u**2 - 6*u + 9. Let v(q) = 2*n(q) + t(q). Is v(4) a composite number?
False
Let z(l) = 44*l**3 + l**2 + 2*l - 3. Let x be z(2). Let p = 178 + x. Let i = p + -372. Is i prime?
True
Suppose 0 = -3*o - 1 + 16, 3*i - 2*o = 1427. Is i a prime number?
True
Suppose 3*u - 61 = -4*g, u - 19 = -4*g - 4. Is u composite?
False
Let u(n) = -n + 1. Let a be u(-3). Suppose 5*z + a*v - 85 = 0, -4*z - 4*v + 80 - 16 = 0. Suppose t - b = 28 - 7, -z = -t + 4*b. Is t composite?
True
Let p(d) = d**3 - 4*d**2 - 5*d - 3. Let g be p(9). Suppose 758 = 5*v - g. Is v prime?
True
Suppose -g = 2*t + 13, -3*t + 0*g - g = 18. Let h = 77 - 47. Let w = h - t. Is w prime?
False
Suppose -2*d + 5*i + 73 = 0, -3*d